{"id":1374,"date":"2020-04-05T21:18:58","date_gmt":"2020-04-05T18:18:58","guid":{"rendered":"https:\/\/kolbus.lv\/?page_id=1374"},"modified":"2020-08-25T18:15:10","modified_gmt":"2020-08-25T15:15:10","slug":"autobox-multinova","status":"publish","type":"page","link":"https:\/\/kolbus.lv\/?page_id=1374","title":{"rendered":"AutoBox Multinova"},"content":{"rendered":"\t\t<div data-elementor-type=\"wp-page\" data-elementor-id=\"1374\" class=\"elementor elementor-1374\">\n\t\t\t\t\t\t<section class=\"elementor-section elementor-top-section elementor-element elementor-element-54737c3 elementor-section-boxed elementor-section-height-default elementor-section-height-default\" data-id=\"54737c3\" data-element_type=\"section\">\n\t\t\t\t\t\t<div class=\"elementor-container elementor-column-gap-default\">\n\t\t\t\t\t<div class=\"elementor-column elementor-col-100 elementor-top-column elementor-element elementor-element-9562e48\" data-id=\"9562e48\" data-element_type=\"column\">\n\t\t\t<div class=\"elementor-widget-wrap elementor-element-populated\">\n\t\t\t\t\t\t<div class=\"elementor-element elementor-element-ccf49bc elementor-widget-divider--view-line elementor-widget elementor-widget-divider\" data-id=\"ccf49bc\" data-element_type=\"widget\" data-widget_type=\"divider.default\">\n\t\t\t\t<div class=\"elementor-widget-container\">\n\t\t\t\t\t\t\t<div class=\"elementor-divider\">\n\t\t\t<span class=\"elementor-divider-separator\">\n\t\t\t\t\t\t<\/span>\n\t\t<\/div>\n\t\t\t\t\t\t<\/div>\n\t\t\t\t<\/div>\n\t\t\t\t<div class=\"elementor-element elementor-element-9bfc3cb elementor-widget elementor-widget-text-editor\" data-id=\"9bfc3cb\" data-element_type=\"widget\" data-widget_type=\"text-editor.default\">\n\t\t\t\t<div class=\"elementor-widget-container\">\n\t\t\t\t\t\t\t\t\t<h3><span style=\"color: #333333;\"><strong>KOLBUS MultiNova MN400<\/strong><\/span><\/h3>\t\t\t\t\t\t\t\t<\/div>\n\t\t\t\t<\/div>\n\t\t\t\t<div class=\"elementor-element elementor-element-7c82ad4 elementor-widget-divider--view-line elementor-widget elementor-widget-divider\" data-id=\"7c82ad4\" data-element_type=\"widget\" data-widget_type=\"divider.default\">\n\t\t\t\t<div class=\"elementor-widget-container\">\n\t\t\t\t\t\t\t<div class=\"elementor-divider\">\n\t\t\t<span class=\"elementor-divider-separator\">\n\t\t\t\t\t\t<\/span>\n\t\t<\/div>\n\t\t\t\t\t\t<\/div>\n\t\t\t\t<\/div>\n\t\t\t\t<div class=\"elementor-element elementor-element-630f40c elementor-widget elementor-widget-image\" data-id=\"630f40c\" data-element_type=\"widget\" data-widget_type=\"image.default\">\n\t\t\t\t<div class=\"elementor-widget-container\">\n\t\t\t\t\t\t\t\t\t\t\t\t<figure class=\"wp-caption\">\n\t\t\t\t\t\t\t\t\t\t\t<a href=\"https:\/\/kolbus.lv\/wp-content\/uploads\/2020\/04\/AutoBox-MN-scaled.jpg\" data-elementor-open-lightbox=\"yes\" data-elementor-lightbox-title=\"AutoBox-MN\" data-e-action-hash=\"#elementor-action%3Aaction%3Dlightbox%26settings%3DeyJpZCI6MTQ1OCwidXJsIjoiaHR0cHM6XC9cL2tvbGJ1cy5sdlwvd3AtY29udGVudFwvdXBsb2Fkc1wvMjAyMFwvMDRcL0F1dG9Cb3gtTU4tc2NhbGVkLmpwZyJ9\">\n\t\t\t\t\t\t\t<img fetchpriority=\"high\" decoding=\"async\" width=\"1024\" height=\"954\" src=\"https:\/\/kolbus.lv\/wp-content\/uploads\/2020\/04\/AutoBox-MN-1024x954.jpg\" class=\"attachment-large size-large wp-image-1458\" alt=\"\" srcset=\"https:\/\/kolbus.lv\/wp-content\/uploads\/2020\/04\/AutoBox-MN-1024x954.jpg 1024w, https:\/\/kolbus.lv\/wp-content\/uploads\/2020\/04\/AutoBox-MN-300x279.jpg 300w, https:\/\/kolbus.lv\/wp-content\/uploads\/2020\/04\/AutoBox-MN-768x715.jpg 768w, https:\/\/kolbus.lv\/wp-content\/uploads\/2020\/04\/AutoBox-MN-1536x1431.jpg 1536w, https:\/\/kolbus.lv\/wp-content\/uploads\/2020\/04\/AutoBox-MN-2048x1908.jpg 2048w\" sizes=\"(max-width: 1024px) 100vw, 1024px\" \/>\t\t\t\t\t\t\t\t<\/a>\n\t\t\t\t\t\t\t\t\t\t\t<figcaption class=\"widget-image-caption wp-caption-text\">KOLBUS MutiNova<\/figcaption>\n\t\t\t\t\t\t\t\t\t\t<\/figure>\n\t\t\t\t\t\t\t\t\t<\/div>\n\t\t\t\t<\/div>\n\t\t\t\t<div class=\"elementor-element elementor-element-147bcca elementor-widget-divider--view-line elementor-widget elementor-widget-divider\" data-id=\"147bcca\" data-element_type=\"widget\" data-widget_type=\"divider.default\">\n\t\t\t\t<div class=\"elementor-widget-container\">\n\t\t\t\t\t\t\t<div class=\"elementor-divider\">\n\t\t\t<span class=\"elementor-divider-separator\">\n\t\t\t\t\t\t<\/span>\n\t\t<\/div>\n\t\t\t\t\t\t<\/div>\n\t\t\t\t<\/div>\n\t\t\t\t<div class=\"elementor-element elementor-element-aae4fda elementor-widget elementor-widget-text-editor\" data-id=\"aae4fda\" data-element_type=\"widget\" data-widget_type=\"text-editor.default\">\n\t\t\t\t<div class=\"elementor-widget-container\">\n\t\t\t\t\t\t\t\t\t<p><span class=\"sentence sentence-2-0\"><span class=\"phrase phrase-2-0-1-2-3-4-5-6-7-8-9-10-11-12-13-14-15-16-17-18-19-20-21-22-23-0-1-2-3-4-5-6-7-8-9-10-11-12-13-14-15-16-17-18-19-20-21\"><span class=\"word word-2-1-0\">MultiNova<\/span> <span class=\"word word-2-0-1 word-2-2-1\">ir<\/span> <span class=\"word word-2-3-2 word-2-4-2\">popul\u0101ra<\/span> <span class=\"word word-2-5-3 sibling-2-5-5\">l\u012bm\u0113\u0161anas<\/span> <span class=\"word word-2-6-4\">ier\u012bce<\/span> <span class=\"word word-2-5-5 sibling-2-5-3\">kartona<\/span> <span class=\"word word-2-9-6\">k\u0101rbas<\/span> <span class=\"word word-2-7-7 word-2-10-7\">izgatavo\u0161anai<\/span><span class=\"word word-2-8-8\">,<\/span> <span class=\"word word-2-11-9 word-2-12-9\">jo\u00a0<\/span><span class=\"word word-2-13-10\">t\u0101<\/span> <span class=\"word word-2-14-11 sibling-2-14-12\">ir<\/span> <span class=\"word word-2-14-12 sibling-2-14-11\">vienk\u0101r\u0161a<\/span> <span class=\"word word-2-15-13\">un<\/span> <span class=\"word word-2-16-14\">to<\/span> <span class=\"word word-2-17-15\">var<\/span> <span class=\"word word-2-18-16\">integr\u0113t<\/span> <span class=\"word word-2-19-17\">ar<\/span> <span class=\"word word-2-20-18\">citiem<\/span> <span class=\"word word-2-21-19\">AutoBox<\/span> <span class=\"word word-2-22-20\">modu\u013ciem<\/span><span class=\"word word-2-23-21\">.<\/span><\/span><\/span> <span class=\"sentence sentence-2-1 hover\"><span class=\"phrase phrase-2-24-25-26-27-28-29-30-31-32-33-34-35-36-37-38-39-40-41-42-43-44-45-46-47-48-49-22-23-24-25-26-27-28-29-30-31-32-33-34-35-36-37-38-39-40-41-42-43-44 hover\"><span class=\"word word-2-24-22\">\u0160is<\/span> <span class=\"word word-2-25-23 word-2-26-23\">ir<\/span> <span class=\"word word-2-27-24\">\u0101tr\u0101s\u00a0<\/span><span class=\"word word-2-28-25\">iestat\u012b\u0161anas ma\u0161\u012bna<\/span>\u00a0<span class=\"word word-2-30-27\">ar<\/span> <span class=\"word word-2-31-28 word-2-32-28\">elektronisku<\/span>\u00a0<span class=\"word word-2-33-29 sibling-2-33-30\">ekr\u0101nu<\/span><span class=\"word word-2-33-30 sibling-2-33-29\">,<\/span> <span class=\"word word-2-34-31\">t\u0101p\u0113c<\/span> <span class=\"word word-2-37-32\">tiek<\/span> <span class=\"word word-2-38-33\">zaud\u0113ts<\/span> <span class=\"word word-2-35-34\">minim\u0101ls\u00a0<\/span><span class=\"word word-2-36-35\">laiks<\/span> <span class=\"word word-2-39-36 word-2-40-36 word-2-41-36 hover\">iestat\u012b\u0161an\u0101<\/span>\u00a0<span class=\"word word-2-42-37\">un<\/span> <span class=\"word word-2-48-38 sibling-2-48-39\">t\u0101<\/span> <span class=\"word word-2-48-39 sibling-2-48-38\">viet\u0101<\/span> <span class=\"word word-2-45-40 word-2-46-40\">var<\/span> <span class=\"word word-2-47-41\">ieg\u016bt<\/span> <span class=\"word word-2-43-42\">maksim\u0101lu ieguvi<\/span><span class=\"word word-2-49-44\">.<\/span><\/span><\/span> <span class=\"sentence sentence-2-2\"><span class=\"phrase phrase-2-50-51-52-53-54-55-56-57-58-59-60-61-62-63-64-65-66-67-68-69-70-71-72-73-45-46-47-48-49-50-51-52-53-54-55-56-57-58-59-60-61-62\"><span class=\"word word-2-51-45\">Multi Nova<\/span><span class=\"word word-2-50-46 word-2-52-46\">sa sast\u0101v<\/span> <span class=\"word word-2-53-47 word-2-54-47\">no<\/span> <span class=\"word word-2-55-48\">hermetiz\u0113tas<\/span> <span class=\"word word-2-56-49\">elektrisk\u0101s<\/span> <span class=\"word word-2-57-50\">PVA<\/span> <span class=\"word word-2-58-51\">l\u012bm\u0113\u0161anas<\/span> <span class=\"word word-2-59-52\">sist\u0113mas<\/span> <span class=\"word word-2-60-53\">ar\u00a0<\/span><span class=\"word word-2-61-54 word-2-62-54\">kompresijas<\/span> <span class=\"word word-2-63-55\">sekciju<\/span> <span class=\"word word-2-64-56\">un<\/span> <span class=\"word word-2-66-57\">iesp\u0113ju<\/span> <span class=\"word word-2-65-58 word-2-67-58 word-2-68-58\">integr\u0113t<\/span> <span class=\"word word-2-69-59 word-2-70-59\">karst\u0101s<\/span> <span class=\"word word-2-71-60\">kaus\u0113\u0161anas<\/span> <span class=\"word word-2-72-61\">sist\u0113mu<\/span><span class=\"word word-2-73-62\">.<\/span><\/span><\/span>\u00a0\u00a0<span class=\"sentence sentence-2-4\"><span class=\"phrase phrase-2-102-103-104-105-106-107-108-109-110-111-112-113-114-115-116-117-118-119-120-121-122-123-124-125-126-127-90-91-92-93-94-95-96-97-98-99-100-101-102-103-104-105-106-107-108-109-110\"><span class=\"word word-2-102-90\">Uzmont\u0113ts<\/span> <span class=\"word word-2-103-91\">uz<\/span> <span class=\"word word-2-104-92 word-2-106-92\">riten\u012b\u0161iem<\/span><span class=\"word word-2-105-93\">,\u00a0<\/span><span class=\"word word-2-107-94\">Multinovam<\/span> <span class=\"word word-2-108-95 word-2-109-95\">nav<\/span> <span class=\"word word-2-110-96 word-2-111-96 word-2-112-96\">j\u0101paliek<\/span> <span class=\"word word-2-113-97 word-2-114-97\">fiks\u0113t\u0101<\/span> <span class=\"word word-2-116-98\">poz\u012bcij\u0101<\/span><span class=\"word word-2-115-99\">,<\/span> <span class=\"word word-2-117-100\">jo<\/span> <span class=\"word word-2-118-101\">tas<\/span> <span class=\"word word-2-119-102\">ir<\/span> <span class=\"word word-2-120-103\">viegli<\/span> <span class=\"word word-2-121-104\">p\u0101rvietojams<\/span> <span class=\"word word-2-122-105\">no\u00a0<\/span><span class=\"word word-2-123-106\">vienas<\/span> <span class=\"word word-2-124-107 sibling-2-124-110\">vietas<\/span> <span class=\"word word-2-125-108 word-2-127-108\">uz<\/span> <span class=\"word word-2-126-109\">citu<\/span><span class=\"word word-2-124-110 sibling-2-124-107\">.<\/span><\/span><\/span> <span class=\"sentence sentence-2-5\"><span class=\"phrase phrase-2-128-129-130-131-132-133-134-135-136-137-138-139-140-141-142-143-144-145-146-147-148-149-150-151-152-153-154-155-156-157-158-111-112-113-114-115-116-117-118-119-120-121-122-123-124-125-126-127-128-129-130-131-132-133-134\"><span class=\"word word-2-129-111\">Multinova<\/span> <span class=\"word word-2-128-112 word-2-130-112 word-2-131-112\">var<\/span> <span class=\"word word-2-132-113\">izmantot<\/span> <span class=\"word word-2-134-114\">s\u0101nu<\/span> <span class=\"word word-2-135-115\">vai<\/span>\u00a0&#8220;<span class=\"word word-2-137-116\">loc\u012btavu&#8221;<\/span> <span class=\"word word-2-133-117 word-2-138-117\">l\u012bm\u0113\u0161anai<\/span><span class=\"word word-2-136-118 word-2-139-118\">,\u00a0<\/span><span class=\"word word-2-140-119 word-2-141-119\">sagrie\u0161anai<\/span> <span class=\"word word-2-142-120 word-2-143-120\">un<\/span> <span class=\"word word-2-144-121\">sal\u012bm\u0113\u0161anai<\/span> <span class=\"word word-2-145-122 sibling-2-145-123\">kop\u0101<\/span> <span class=\"word word-2-145-123 sibling-2-145-122\">ar<\/span>\u00a0<span class=\"word word-2-149-125\">autom\u0101tis\u0101s nofiks\u0113\u0161anas tr\u012bspunktu<\/span><span class=\"word word-2-150-126\">\u00a0sist\u0113mu<\/span><span class=\"word word-2-158-128 sibling-2-158-134\">,<\/span> <span class=\"word word-2-152-129\">lai<\/span> <span class=\"word word-2-153-130\">nodro\u0161in\u0101tu<\/span> <span class=\"word word-2-154-131\">maksim\u0101lu kastu<\/span>\u00a0<span class=\"word word-2-155-133 word-2-156-133\">notur\u012bbu<\/span><span class=\"word word-2-158-134 sibling-2-158-128\">.<\/span><\/span><\/span> <span class=\"sentence sentence-2-6\"><span class=\"phrase phrase-2-159-160-161-162-163-164-165-166-167-168-169-170-171-172-173-174-175-176-177-135-136-137-138-139-140-141-142-143-144-145-146-147-148-149-150\"><span class=\"word word-2-159-135 word-2-160-135\">Multinova<\/span> <span class=\"word word-2-161-136 word-2-162-136\">sp\u0113j\u00a0<\/span><span class=\"word word-2-163-137 word-2-164-137\">palaist<\/span> <span class=\"word word-2-166-139\">dubultkart\u012bgos kaartona kastes<\/span><span class=\"word word-2-169-142\">(<\/span><span class=\"word word-2-170-143\">6,2<\/span> <span class=\"word word-2-171-144\">mm<\/span><span class=\"word word-2-172-145\">&#8211;<\/span><span class=\"word word-2-173-146\">6,6<\/span> <span class=\"word word-2-174-147\">mm<\/span> <span class=\"word word-2-175-148\">biezum\u0101<\/span><span class=\"word word-2-176-149\">)<\/span><span class=\"word word-2-177-150\">.<\/span><\/span><\/span><\/p>\t\t\t\t\t\t\t\t<\/div>\n\t\t\t\t<\/div>\n\t\t\t\t<div class=\"elementor-element elementor-element-eb63ea3 elementor-widget-divider--view-line elementor-widget elementor-widget-divider\" data-id=\"eb63ea3\" data-element_type=\"widget\" data-widget_type=\"divider.default\">\n\t\t\t\t<div class=\"elementor-widget-container\">\n\t\t\t\t\t\t\t<div class=\"elementor-divider\">\n\t\t\t<span class=\"elementor-divider-separator\">\n\t\t\t\t\t\t<\/span>\n\t\t<\/div>\n\t\t\t\t\t\t<\/div>\n\t\t\t\t<\/div>\n\t\t\t\t<div class=\"elementor-element elementor-element-3482f48 elementor-widget elementor-widget-toggle\" data-id=\"3482f48\" data-element_type=\"widget\" data-widget_type=\"toggle.default\">\n\t\t\t\t<div class=\"elementor-widget-container\">\n\t\t\t\t\t\t\t<div class=\"elementor-toggle\">\n\t\t\t\t\t\t\t<div class=\"elementor-toggle-item\">\n\t\t\t\t\t<div id=\"elementor-tab-title-5501\" class=\"elementor-tab-title\" data-tab=\"1\" role=\"button\" aria-controls=\"elementor-tab-content-5501\" aria-expanded=\"false\">\n\t\t\t\t\t\t\t\t\t\t\t\t<span class=\"elementor-toggle-icon elementor-toggle-icon-left\" aria-hidden=\"true\">\n\t\t\t\t\t\t\t\t\t\t\t\t\t\t\t<span class=\"elementor-toggle-icon-closed\"><i class=\"fas fa-caret-right\"><\/i><\/span>\n\t\t\t\t\t\t\t\t<span class=\"elementor-toggle-icon-opened\"><i class=\"elementor-toggle-icon-opened fas fa-caret-up\"><\/i><\/span>\n\t\t\t\t\t\t\t\t\t\t\t\t\t<\/span>\n\t\t\t\t\t\t\t\t\t\t\t\t<a class=\"elementor-toggle-title\" tabindex=\"0\">P\u0101rskats<\/a>\n\t\t\t\t\t<\/div>\n\n\t\t\t\t\t<div id=\"elementor-tab-content-5501\" class=\"elementor-tab-content elementor-clearfix\" data-tab=\"1\" role=\"region\" aria-labelledby=\"elementor-tab-title-5501\"><ul><li>\u0100tra uzst\u0101d\u012b\u0161aana<\/li><li>Spiediena PVA apl\u012bm\u0113\u0161ana<\/li><li>Opcija integr\u0113t &#8220;hot melt&#8221; sist\u0113mu<\/li><li>Autom\u0101tiska konveijer-josta<\/li><li>Tam ir uzmont\u0113ti ritenti\u0146i\u00a0<\/li><li>3 punktu kastes nosl\u0113g\u0161ana viet\u0101 un lok\u0161\u0146u da\u013cu l\u012bm\u0113\u0161ana<\/li><li>Var izmantot dub\u016bltk\u0101rtaino kartonu<\/li><\/ul><\/div>\n\t\t\t\t<\/div>\n\t\t\t\t\t\t\t<div class=\"elementor-toggle-item\">\n\t\t\t\t\t<div id=\"elementor-tab-title-5502\" class=\"elementor-tab-title\" data-tab=\"2\" role=\"button\" aria-controls=\"elementor-tab-content-5502\" aria-expanded=\"false\">\n\t\t\t\t\t\t\t\t\t\t\t\t<span class=\"elementor-toggle-icon elementor-toggle-icon-left\" aria-hidden=\"true\">\n\t\t\t\t\t\t\t\t\t\t\t\t\t\t\t<span class=\"elementor-toggle-icon-closed\"><i class=\"fas fa-caret-right\"><\/i><\/span>\n\t\t\t\t\t\t\t\t<span class=\"elementor-toggle-icon-opened\"><i class=\"elementor-toggle-icon-opened fas fa-caret-up\"><\/i><\/span>\n\t\t\t\t\t\t\t\t\t\t\t\t\t<\/span>\n\t\t\t\t\t\t\t\t\t\t\t\t<a class=\"elementor-toggle-title\" tabindex=\"0\">Kontaktpersona<\/a>\n\t\t\t\t\t<\/div>\n\n\t\t\t\t\t<div id=\"elementor-tab-content-5502\" class=\"elementor-tab-content elementor-clearfix\" data-tab=\"2\" role=\"region\" aria-labelledby=\"elementor-tab-title-5502\"><p>P\u0101rdo\u0161anas vad\u012bt\u0101js<br \/>Zandis Zvirbulis<br \/>SIA Kolbus<br \/>Tel. 27769059<br \/><a href=\"mailto:zandis@kolbus.lv\">zandis@kolbus.lv<\/a><\/p><\/div>\n\t\t\t\t<\/div>\n\t\t\t\t\t\t\t\t<\/div>\n\t\t\t\t\t\t<\/div>\n\t\t\t\t<\/div>\n\t\t\t\t\t<\/div>\n\t\t<\/div>\n\t\t\t\t\t<\/div>\n\t\t<\/section>\n\t\t\t\t<\/div>\n\t\t","protected":false},"excerpt":{"rendered":"<p>KOLBUS MultiNova MN400 KOLBUS MutiNova MultiNova ir popul\u0101ra l\u012bm\u0113\u0161anas ier\u012bce kartona k\u0101rbas izgatavo\u0161anai, jo\u00a0t\u0101 ir vienk\u0101r\u0161a un to var integr\u0113t ar citiem AutoBox modu\u013ciem. \u0160is ir \u0101tr\u0101s\u00a0iestat\u012b\u0161anas ma\u0161\u012bna\u00a0ar elektronisku\u00a0ekr\u0101nu, t\u0101p\u0113c tiek zaud\u0113ts minim\u0101ls\u00a0laiks iestat\u012b\u0161an\u0101\u00a0un t\u0101 viet\u0101 var ieg\u016bt maksim\u0101lu ieguvi. Multi Novasa sast\u0101v no hermetiz\u0113tas elektrisk\u0101s PVA l\u012bm\u0113\u0161anas sist\u0113mas ar\u00a0kompresijas sekciju un iesp\u0113ju integr\u0113t karst\u0101s [&hellip;]<\/p>\n","protected":false},"author":4,"featured_media":0,"parent":989,"menu_order":0,"comment_status":"closed","ping_status":"closed","template":"","meta":{"_uag_custom_page_level_css":"","ocean_post_layout":"full-width","ocean_both_sidebars_style":"","ocean_both_sidebars_content_width":0,"ocean_both_sidebars_sidebars_width":0,"ocean_sidebar":"0","ocean_second_sidebar":"0","ocean_disable_margins":"enable","ocean_add_body_class":"","ocean_shortcode_before_top_bar":"","ocean_shortcode_after_top_bar":"","ocean_shortcode_before_header":"","ocean_shortcode_after_header":"","ocean_has_shortcode":"","ocean_shortcode_after_title":"","ocean_shortcode_before_footer_widgets":"","ocean_shortcode_after_footer_widgets":"","ocean_shortcode_before_footer_bottom":"","ocean_shortcode_after_footer_bottom":"","ocean_display_top_bar":"default","ocean_display_header":"default","ocean_header_style":"","ocean_center_header_left_menu":"0","ocean_custom_header_template":"0","ocean_custom_logo":0,"ocean_custom_retina_logo":0,"ocean_custom_logo_max_width":0,"ocean_custom_logo_tablet_max_width":0,"ocean_custom_logo_mobile_max_width":0,"ocean_custom_logo_max_height":0,"ocean_custom_logo_tablet_max_height":0,"ocean_custom_logo_mobile_max_height":0,"ocean_header_custom_menu":"0","ocean_menu_typo_font_family":"0","ocean_menu_typo_font_subset":"","ocean_menu_typo_font_size":0,"ocean_menu_typo_font_size_tablet":0,"ocean_menu_typo_font_size_mobile":0,"ocean_menu_typo_font_size_unit":"px","ocean_menu_typo_font_weight":"","ocean_menu_typo_font_weight_tablet":"","ocean_menu_typo_font_weight_mobile":"","ocean_menu_typo_transform":"","ocean_menu_typo_transform_tablet":"","ocean_menu_typo_transform_mobile":"","ocean_menu_typo_line_height":0,"ocean_menu_typo_line_height_tablet":0,"ocean_menu_typo_line_height_mobile":0,"ocean_menu_typo_line_height_unit":"","ocean_menu_typo_spacing":0,"ocean_menu_typo_spacing_tablet":0,"ocean_menu_typo_spacing_mobile":0,"ocean_menu_typo_spacing_unit":"","ocean_menu_link_color":"","ocean_menu_link_color_hover":"","ocean_menu_link_color_active":"","ocean_menu_link_background":"","ocean_menu_link_hover_background":"","ocean_menu_link_active_background":"","ocean_menu_social_links_bg":"","ocean_menu_social_hover_links_bg":"","ocean_menu_social_links_color":"","ocean_menu_social_hover_links_color":"","ocean_disable_title":"default","ocean_disable_heading":"default","ocean_post_title":"","ocean_post_subheading":"","ocean_post_title_style":"background-image","ocean_post_title_background_color":"","ocean_post_title_background":704,"ocean_post_title_bg_image_position":"","ocean_post_title_bg_image_attachment":"","ocean_post_title_bg_image_repeat":"","ocean_post_title_bg_image_size":"","ocean_post_title_height":0,"ocean_post_title_bg_overlay":0.5,"ocean_post_title_bg_overlay_color":"","ocean_disable_breadcrumbs":"default","ocean_breadcrumbs_color":"","ocean_breadcrumbs_separator_color":"","ocean_breadcrumbs_links_color":"","ocean_breadcrumbs_links_hover_color":"","ocean_display_footer_widgets":"default","ocean_display_footer_bottom":"default","ocean_custom_footer_template":"0","footnotes":""},"class_list":["post-1374","page","type-page","status-publish","hentry","entry"],"uagb_featured_image_src":{"full":false,"thumbnail":false,"medium":false,"medium_large":false,"large":false,"1536x1536":false,"2048x2048":false,"ocean-thumb-m":false,"ocean-thumb-ml":false,"ocean-thumb-l":false},"uagb_author_info":{"display_name":"Markuss","author_link":"https:\/\/kolbus.lv\/?author=4"},"uagb_comment_info":0,"uagb_excerpt":"KOLBUS MultiNova MN400 KOLBUS MutiNova MultiNova ir popul\u0101ra l\u012bm\u0113\u0161anas ier\u012bce kartona k\u0101rbas izgatavo\u0161anai, jo\u00a0t\u0101 ir vienk\u0101r\u0161a un to var integr\u0113t ar citiem AutoBox modu\u013ciem. \u0160is ir \u0101tr\u0101s\u00a0iestat\u012b\u0161anas ma\u0161\u012bna\u00a0ar elektronisku\u00a0ekr\u0101nu, t\u0101p\u0113c tiek zaud\u0113ts minim\u0101ls\u00a0laiks iestat\u012b\u0161an\u0101\u00a0un t\u0101 viet\u0101 var ieg\u016bt maksim\u0101lu ieguvi. Multi Novasa sast\u0101v no hermetiz\u0113tas elektrisk\u0101s PVA l\u012bm\u0113\u0161anas sist\u0113mas ar\u00a0kompresijas sekciju un iesp\u0113ju integr\u0113t karst\u0101s&hellip;","_links":{"self":[{"href":"https:\/\/kolbus.lv\/index.php?rest_route=\/wp\/v2\/pages\/1374","targetHints":{"allow":["GET"]}}],"collection":[{"href":"https:\/\/kolbus.lv\/index.php?rest_route=\/wp\/v2\/pages"}],"about":[{"href":"https:\/\/kolbus.lv\/index.php?rest_route=\/wp\/v2\/types\/page"}],"author":[{"embeddable":true,"href":"https:\/\/kolbus.lv\/index.php?rest_route=\/wp\/v2\/users\/4"}],"replies":[{"embeddable":true,"href":"https:\/\/kolbus.lv\/index.php?rest_route=%2Fwp%2Fv2%2Fcomments&post=1374"}],"version-history":[{"count":9,"href":"https:\/\/kolbus.lv\/index.php?rest_route=\/wp\/v2\/pages\/1374\/revisions"}],"predecessor-version":[{"id":1835,"href":"https:\/\/kolbus.lv\/index.php?rest_route=\/wp\/v2\/pages\/1374\/revisions\/1835"}],"up":[{"embeddable":true,"href":"https:\/\/kolbus.lv\/index.php?rest_route=\/wp\/v2\/pages\/989"}],"wp:attachment":[{"href":"https:\/\/kolbus.lv\/index.php?rest_route=%2Fwp%2Fv2%2Fmedia&parent=1374"}],"curies":[{"name":"wp","href":"https:\/\/api.w.org\/{rel}","templated":true}]}}