{"id":625,"date":"2019-10-14T06:46:39","date_gmt":"2019-10-14T06:46:39","guid":{"rendered":"https:\/\/kolbus.jd.id.lv\/?page_id=625"},"modified":"2020-07-18T19:57:00","modified_gmt":"2020-07-18T16:57:00","slug":"da-290","status":"publish","type":"page","link":"https:\/\/kolbus.lv\/?page_id=625","title":{"rendered":"DA 290"},"content":{"rendered":"\t\t<div data-elementor-type=\"wp-page\" data-elementor-id=\"625\" class=\"elementor elementor-625\">\n\t\t\t\t\t\t<section class=\"elementor-section elementor-top-section elementor-element elementor-element-54737c3 elementor-section-boxed elementor-section-height-default elementor-section-height-default\" data-id=\"54737c3\" data-element_type=\"section\">\n\t\t\t\t\t\t<div class=\"elementor-container elementor-column-gap-default\">\n\t\t\t\t\t<div class=\"elementor-column elementor-col-100 elementor-top-column elementor-element elementor-element-9562e48\" data-id=\"9562e48\" data-element_type=\"column\">\n\t\t\t<div class=\"elementor-widget-wrap elementor-element-populated\">\n\t\t\t\t\t\t<div class=\"elementor-element elementor-element-ccf49bc elementor-widget-divider--view-line elementor-widget elementor-widget-divider\" data-id=\"ccf49bc\" data-element_type=\"widget\" data-widget_type=\"divider.default\">\n\t\t\t\t<div class=\"elementor-widget-container\">\n\t\t\t\t\t\t\t<div class=\"elementor-divider\">\n\t\t\t<span class=\"elementor-divider-separator\">\n\t\t\t\t\t\t<\/span>\n\t\t<\/div>\n\t\t\t\t\t\t<\/div>\n\t\t\t\t<\/div>\n\t\t\t\t<div class=\"elementor-element elementor-element-9bfc3cb elementor-widget elementor-widget-text-editor\" data-id=\"9bfc3cb\" data-element_type=\"widget\" data-widget_type=\"text-editor.default\">\n\t\t\t\t<div class=\"elementor-widget-container\">\n\t\t\t\t\t\t\t\t\t<h3><span style=\"color: #333333;\"><strong>V\u0101ku izgatavo\u0161anas Iek\u0101rta DA 290<\/strong><\/span><\/h3>\t\t\t\t\t\t\t\t<\/div>\n\t\t\t\t<\/div>\n\t\t\t\t<div class=\"elementor-element elementor-element-7c82ad4 elementor-widget-divider--view-line elementor-widget elementor-widget-divider\" data-id=\"7c82ad4\" data-element_type=\"widget\" data-widget_type=\"divider.default\">\n\t\t\t\t<div class=\"elementor-widget-container\">\n\t\t\t\t\t\t\t<div class=\"elementor-divider\">\n\t\t\t<span class=\"elementor-divider-separator\">\n\t\t\t\t\t\t<\/span>\n\t\t<\/div>\n\t\t\t\t\t\t<\/div>\n\t\t\t\t<\/div>\n\t\t\t\t<div class=\"elementor-element elementor-element-f9b59ff elementor-widget elementor-widget-text-editor\" data-id=\"f9b59ff\" data-element_type=\"widget\" data-widget_type=\"text-editor.default\">\n\t\t\t\t<div class=\"elementor-widget-container\">\n\t\t\t\t\t\t\t\t\t<p><span style=\"color: #333333;\">Piln\u012bgi autom\u0101tiskai displeju, kaland\u0101ru pamat\u0146u, sp\u0113\u013cu (no kartona) vai luksus iepakojuma ra\u017eo\u0161anai.<\/span><\/p>\t\t\t\t\t\t\t\t<\/div>\n\t\t\t\t<\/div>\n\t\t\t\t<div class=\"elementor-element elementor-element-860bcc9 elementor-widget-divider--view-line elementor-widget elementor-widget-divider\" data-id=\"860bcc9\" data-element_type=\"widget\" data-widget_type=\"divider.default\">\n\t\t\t\t<div class=\"elementor-widget-container\">\n\t\t\t\t\t\t\t<div class=\"elementor-divider\">\n\t\t\t<span class=\"elementor-divider-separator\">\n\t\t\t\t\t\t<\/span>\n\t\t<\/div>\n\t\t\t\t\t\t<\/div>\n\t\t\t\t<\/div>\n\t\t\t\t<div class=\"elementor-element elementor-element-630f40c elementor-widget elementor-widget-image\" data-id=\"630f40c\" data-element_type=\"widget\" data-widget_type=\"image.default\">\n\t\t\t\t<div class=\"elementor-widget-container\">\n\t\t\t\t\t\t\t\t\t\t\t\t<figure class=\"wp-caption\">\n\t\t\t\t\t\t\t\t\t\t\t<a href=\"https:\/\/kolbus.jd.id.lv\/wp-content\/uploads\/2019\/10\/da290-kolbus.jpg\" data-elementor-open-lightbox=\"yes\" data-elementor-lightbox-title=\"da290-kolbus\" data-e-action-hash=\"#elementor-action%3Aaction%3Dlightbox%26settings%3DeyJpZCI6NzAzLCJ1cmwiOiJodHRwczpcL1wva29sYnVzLmx2XC93cC1jb250ZW50XC91cGxvYWRzXC8yMDE5XC8xMFwvZGEyOTAta29sYnVzLmpwZyJ9\">\n\t\t\t\t\t\t\t<img fetchpriority=\"high\" decoding=\"async\" width=\"960\" height=\"400\" src=\"https:\/\/kolbus.lv\/wp-content\/uploads\/2019\/10\/da290-kolbus.jpg\" class=\"attachment-large size-large wp-image-703\" alt=\"\" srcset=\"https:\/\/kolbus.lv\/wp-content\/uploads\/2019\/10\/da290-kolbus.jpg 960w, https:\/\/kolbus.lv\/wp-content\/uploads\/2019\/10\/da290-kolbus-300x125.jpg 300w, https:\/\/kolbus.lv\/wp-content\/uploads\/2019\/10\/da290-kolbus-768x320.jpg 768w\" sizes=\"(max-width: 960px) 100vw, 960px\" \/>\t\t\t\t\t\t\t\t<\/a>\n\t\t\t\t\t\t\t\t\t\t\t<figcaption class=\"widget-image-caption wp-caption-text\">V\u0101ku izgatavo\u0161anas Iek\u0101rta DA 290<\/figcaption>\n\t\t\t\t\t\t\t\t\t\t<\/figure>\n\t\t\t\t\t\t\t\t\t<\/div>\n\t\t\t\t<\/div>\n\t\t\t\t<div class=\"elementor-element elementor-element-147bcca elementor-widget-divider--view-line elementor-widget elementor-widget-divider\" data-id=\"147bcca\" data-element_type=\"widget\" data-widget_type=\"divider.default\">\n\t\t\t\t<div class=\"elementor-widget-container\">\n\t\t\t\t\t\t\t<div class=\"elementor-divider\">\n\t\t\t<span class=\"elementor-divider-separator\">\n\t\t\t\t\t\t<\/span>\n\t\t<\/div>\n\t\t\t\t\t\t<\/div>\n\t\t\t\t<\/div>\n\t\t\t\t<div class=\"elementor-element elementor-element-aae4fda elementor-widget elementor-widget-text-editor\" data-id=\"aae4fda\" data-element_type=\"widget\" data-widget_type=\"text-editor.default\">\n\t\t\t\t<div class=\"elementor-widget-container\">\n\t\t\t\t\t\t\t\t\t<p><span style=\"color: #333333;\"><strong>Ieguvumi<\/strong><\/span><\/p><ul><li><span style=\"color: #333333;\">Apstr\u0101d\u0101 liela form\u0101ta kartonu<\/span><\/li><li><span style=\"color: #333333;\">Piln\u012bgi autom\u0101tiska ra\u017eo\u0161ana<\/span><\/li><li><span style=\"color: #333333;\">Da\u017e\u0101das produktu iesp\u0113jas: gr\u0101matu v\u0101ki, mapes, kalend\u0101ru aizmugures, sp\u0113les vai iepakojuma komponentes<\/span><\/li><\/ul><p><span style=\"color: #333333;\"><strong>Iesp\u0113jas<\/strong><\/span><\/p><p><span style=\"color: #333333;\">Kad ir nepiecie\u0161ams izgatavot liela form\u0101ta darbus, DA 290 ir dizain\u0113ta \u201cpriek\u0161z\u012bm\u012bgi ergonomiska\u201d. T\u0101 funkcion\u0101li ir sal\u012bdzin\u0101ma ar cit\u0101m Kolbus v\u0101ku izgatavojam\u0101m iek\u0101rt\u0101m. Materi\u0101lu iel\u0101des un izvades augstums ir ergonomiski \u0113rt\u0101 augstum\u0101 lai operatori var\u0113tu str\u0101d\u0101t viegli un ar minim\u0101lu nogurumu. Lai main\u012btu form\u0101tus, visa l\u012bm\u0113\u0161anas iek\u0101rta tiek viegli izvilkta no ma\u0161\u012bnas, un uz materi\u0101la transport\u0113\u0161anas cilindra tiek piestiprin\u0101ta jauna matricas plate, ar gumijas matricu, kas piegriezta p\u0113c form\u0101ta. KOLBUS Copilot\u00ae sist\u0113ma garant\u0113 \u0113rtu darb\u012bbu un \u0101tru form\u0101tu nomai\u0146u, izmantojot sk\u0101rienj\u016bt\u012bgu ekr\u0101nu un intuit\u012bvu grafisku (bez teksta) vidi \/ softu.<\/span><\/p>\t\t\t\t\t\t\t\t<\/div>\n\t\t\t\t<\/div>\n\t\t\t\t<div class=\"elementor-element elementor-element-eb63ea3 elementor-widget-divider--view-line elementor-widget elementor-widget-divider\" data-id=\"eb63ea3\" data-element_type=\"widget\" data-widget_type=\"divider.default\">\n\t\t\t\t<div class=\"elementor-widget-container\">\n\t\t\t\t\t\t\t<div class=\"elementor-divider\">\n\t\t\t<span class=\"elementor-divider-separator\">\n\t\t\t\t\t\t<\/span>\n\t\t<\/div>\n\t\t\t\t\t\t<\/div>\n\t\t\t\t<\/div>\n\t\t\t\t<section class=\"elementor-section elementor-inner-section elementor-element elementor-element-6d62d7f elementor-section-boxed elementor-section-height-default elementor-section-height-default\" data-id=\"6d62d7f\" data-element_type=\"section\">\n\t\t\t\t\t\t<div class=\"elementor-container elementor-column-gap-default\">\n\t\t\t\t\t<div class=\"elementor-column elementor-col-50 elementor-inner-column elementor-element elementor-element-deb659e\" data-id=\"deb659e\" data-element_type=\"column\">\n\t\t\t<div class=\"elementor-widget-wrap elementor-element-populated\">\n\t\t\t\t\t\t<div class=\"elementor-element elementor-element-abe06f1 elementor-widget elementor-widget-image\" data-id=\"abe06f1\" data-element_type=\"widget\" data-widget_type=\"image.default\">\n\t\t\t\t<div class=\"elementor-widget-container\">\n\t\t\t\t\t\t\t\t\t\t\t\t<figure class=\"wp-caption\">\n\t\t\t\t\t\t\t\t\t\t\t<a href=\"https:\/\/kolbus.jd.id.lv\/wp-content\/uploads\/2019\/10\/csm_da290-nutzen-kolbus_78ceaebfa4.jpg\" data-elementor-open-lightbox=\"yes\" data-elementor-lightbox-title=\"csm_da290-nutzen-kolbus_78ceaebfa4\" data-e-action-hash=\"#elementor-action%3Aaction%3Dlightbox%26settings%3DeyJpZCI6NzAyLCJ1cmwiOiJodHRwczpcL1wva29sYnVzLmx2XC93cC1jb250ZW50XC91cGxvYWRzXC8yMDE5XC8xMFwvY3NtX2RhMjkwLW51dHplbi1rb2xidXNfNzhjZWFlYmZhNC5qcGcifQ%3D%3D\">\n\t\t\t\t\t\t\t<img decoding=\"async\" width=\"768\" height=\"576\" src=\"https:\/\/kolbus.lv\/wp-content\/uploads\/2019\/10\/csm_da290-nutzen-kolbus_78ceaebfa4-768x576.jpg\" class=\"attachment-medium_large size-medium_large wp-image-702\" alt=\"\" srcset=\"https:\/\/kolbus.lv\/wp-content\/uploads\/2019\/10\/csm_da290-nutzen-kolbus_78ceaebfa4-768x576.jpg 768w, https:\/\/kolbus.lv\/wp-content\/uploads\/2019\/10\/csm_da290-nutzen-kolbus_78ceaebfa4-300x225.jpg 300w, https:\/\/kolbus.lv\/wp-content\/uploads\/2019\/10\/csm_da290-nutzen-kolbus_78ceaebfa4.jpg 800w\" sizes=\"(max-width: 768px) 100vw, 768px\" \/>\t\t\t\t\t\t\t\t<\/a>\n\t\t\t\t\t\t\t\t\t\t\t<figcaption class=\"widget-image-caption wp-caption-text\">Teksts<\/figcaption>\n\t\t\t\t\t\t\t\t\t\t<\/figure>\n\t\t\t\t\t\t\t\t\t<\/div>\n\t\t\t\t<\/div>\n\t\t\t\t\t<\/div>\n\t\t<\/div>\n\t\t\t\t<div class=\"elementor-column elementor-col-50 elementor-inner-column elementor-element elementor-element-f924589\" data-id=\"f924589\" data-element_type=\"column\">\n\t\t\t<div class=\"elementor-widget-wrap elementor-element-populated\">\n\t\t\t\t\t\t<div class=\"elementor-element elementor-element-db9625b elementor-widget elementor-widget-image\" data-id=\"db9625b\" data-element_type=\"widget\" data-widget_type=\"image.default\">\n\t\t\t\t<div class=\"elementor-widget-container\">\n\t\t\t\t\t\t\t\t\t\t\t\t<figure class=\"wp-caption\">\n\t\t\t\t\t\t\t\t\t\t\t<a href=\"https:\/\/kolbus.jd.id.lv\/wp-content\/uploads\/2019\/10\/csm_da290-einschlag-kolbus_c07aaabfdb.jpg\" data-elementor-open-lightbox=\"yes\" data-elementor-lightbox-title=\"csm_da290-einschlag-kolbus_c07aaabfdb\" data-e-action-hash=\"#elementor-action%3Aaction%3Dlightbox%26settings%3DeyJpZCI6NzAxLCJ1cmwiOiJodHRwczpcL1wva29sYnVzLmx2XC93cC1jb250ZW50XC91cGxvYWRzXC8yMDE5XC8xMFwvY3NtX2RhMjkwLWVpbnNjaGxhZy1rb2xidXNfYzA3YWFhYmZkYi5qcGcifQ%3D%3D\">\n\t\t\t\t\t\t\t<img decoding=\"async\" width=\"768\" height=\"576\" src=\"https:\/\/kolbus.lv\/wp-content\/uploads\/2019\/10\/csm_da290-einschlag-kolbus_c07aaabfdb-768x576.jpg\" class=\"attachment-medium_large size-medium_large wp-image-701\" alt=\"\" srcset=\"https:\/\/kolbus.lv\/wp-content\/uploads\/2019\/10\/csm_da290-einschlag-kolbus_c07aaabfdb-768x576.jpg 768w, https:\/\/kolbus.lv\/wp-content\/uploads\/2019\/10\/csm_da290-einschlag-kolbus_c07aaabfdb-300x225.jpg 300w, https:\/\/kolbus.lv\/wp-content\/uploads\/2019\/10\/csm_da290-einschlag-kolbus_c07aaabfdb.jpg 800w\" sizes=\"(max-width: 768px) 100vw, 768px\" \/>\t\t\t\t\t\t\t\t<\/a>\n\t\t\t\t\t\t\t\t\t\t\t<figcaption class=\"widget-image-caption wp-caption-text\">Tesks<\/figcaption>\n\t\t\t\t\t\t\t\t\t\t<\/figure>\n\t\t\t\t\t\t\t\t\t<\/div>\n\t\t\t\t<\/div>\n\t\t\t\t\t<\/div>\n\t\t<\/div>\n\t\t\t\t\t<\/div>\n\t\t<\/section>\n\t\t\t\t<div class=\"elementor-element elementor-element-eae2787 elementor-widget-divider--view-line elementor-widget elementor-widget-divider\" data-id=\"eae2787\" data-element_type=\"widget\" data-widget_type=\"divider.default\">\n\t\t\t\t<div class=\"elementor-widget-container\">\n\t\t\t\t\t\t\t<div class=\"elementor-divider\">\n\t\t\t<span class=\"elementor-divider-separator\">\n\t\t\t\t\t\t<\/span>\n\t\t<\/div>\n\t\t\t\t\t\t<\/div>\n\t\t\t\t<\/div>\n\t\t\t\t<div class=\"elementor-element elementor-element-3482f48 elementor-widget elementor-widget-toggle\" data-id=\"3482f48\" data-element_type=\"widget\" data-widget_type=\"toggle.default\">\n\t\t\t\t<div class=\"elementor-widget-container\">\n\t\t\t\t\t\t\t<div class=\"elementor-toggle\">\n\t\t\t\t\t\t\t<div class=\"elementor-toggle-item\">\n\t\t\t\t\t<div id=\"elementor-tab-title-5501\" class=\"elementor-tab-title\" data-tab=\"1\" role=\"button\" aria-controls=\"elementor-tab-content-5501\" aria-expanded=\"false\">\n\t\t\t\t\t\t\t\t\t\t\t\t<span class=\"elementor-toggle-icon elementor-toggle-icon-left\" aria-hidden=\"true\">\n\t\t\t\t\t\t\t\t\t\t\t\t\t\t\t<span class=\"elementor-toggle-icon-closed\"><i class=\"fas fa-caret-right\"><\/i><\/span>\n\t\t\t\t\t\t\t\t<span class=\"elementor-toggle-icon-opened\"><i class=\"elementor-toggle-icon-opened fas fa-caret-up\"><\/i><\/span>\n\t\t\t\t\t\t\t\t\t\t\t\t\t<\/span>\n\t\t\t\t\t\t\t\t\t\t\t\t<a class=\"elementor-toggle-title\" tabindex=\"0\">Tehniskie dati<\/a>\n\t\t\t\t\t<\/div>\n\n\t\t\t\t\t<div id=\"elementor-tab-content-5501\" class=\"elementor-tab-content elementor-clearfix\" data-tab=\"1\" role=\"region\" aria-labelledby=\"elementor-tab-title-5501\"><p><strong>V\u0101ks<\/strong> \u2013 izm\u0113ru amplit\u016bda atv\u0113rtam v\u0101kam (platums x augstums)<br \/>min. 300 x 210 mm<br \/>maks. 1.050 x 735 mm<\/p><hr style=\"margin-bottom: 25px;\" \/><p><strong>Materi\u0101ls<\/strong><br \/>platums 1.080 \u2013 290 mm<br \/>augstums 765 \u2013 200 mm<\/p><hr style=\"margin-bottom: 25px;\" \/><p><strong>Kartons<\/strong><br \/>Biezums 1- 4 mm<\/p><hr style=\"margin-bottom: 25px;\" \/><p><strong>Meh\u0101niskkais \u0101trums<\/strong><br \/>l\u012bdz 40 cikliem \/ min\u016bt\u0113<br \/>darba ra\u017e\u012bgums ir atkar\u012bgs no izm\u0113riem, materi\u0101liem (ar\u012b no t\u0101 cik kvalitat\u012bvi tie ir sagatavoti un no darba vides)<\/p><\/div>\n\t\t\t\t<\/div>\n\t\t\t\t\t\t\t<div class=\"elementor-toggle-item\">\n\t\t\t\t\t<div id=\"elementor-tab-title-5502\" class=\"elementor-tab-title\" data-tab=\"2\" role=\"button\" aria-controls=\"elementor-tab-content-5502\" aria-expanded=\"false\">\n\t\t\t\t\t\t\t\t\t\t\t\t<span class=\"elementor-toggle-icon elementor-toggle-icon-left\" aria-hidden=\"true\">\n\t\t\t\t\t\t\t\t\t\t\t\t\t\t\t<span class=\"elementor-toggle-icon-closed\"><i class=\"fas fa-caret-right\"><\/i><\/span>\n\t\t\t\t\t\t\t\t<span class=\"elementor-toggle-icon-opened\"><i class=\"elementor-toggle-icon-opened fas fa-caret-up\"><\/i><\/span>\n\t\t\t\t\t\t\t\t\t\t\t\t\t<\/span>\n\t\t\t\t\t\t\t\t\t\t\t\t<a class=\"elementor-toggle-title\" tabindex=\"0\">Kontaktpersona<\/a>\n\t\t\t\t\t<\/div>\n\n\t\t\t\t\t<div id=\"elementor-tab-content-5502\" class=\"elementor-tab-content elementor-clearfix\" data-tab=\"2\" role=\"region\" aria-labelledby=\"elementor-tab-title-5502\"><p><img loading=\"lazy\" decoding=\"async\" class=\"alignnone wp-image-733 size-thumbnail\" src=\"https:\/\/kolbus.jd.id.lv\/wp-content\/uploads\/2019\/10\/IMG_9220-150x150.jpg\" alt=\"\" width=\"150\" height=\"150\" \/><\/p><p>P\u0101rdo\u0161anas vad\u012bt\u0101js<br \/>Zandis Zvirbulis<br \/>SIA Kolbus<br \/>Tel. 27769059<br \/><a href=\"mailto:zandis@kolbus.lv\">zandis@kolbus.lv<\/a><\/p><\/div>\n\t\t\t\t<\/div>\n\t\t\t\t\t\t\t\t<\/div>\n\t\t\t\t\t\t<\/div>\n\t\t\t\t<\/div>\n\t\t\t\t\t<\/div>\n\t\t<\/div>\n\t\t\t\t\t<\/div>\n\t\t<\/section>\n\t\t\t\t<\/div>\n\t\t","protected":false},"excerpt":{"rendered":"<p>V\u0101ku izgatavo\u0161anas Iek\u0101rta DA 290 Piln\u012bgi autom\u0101tiskai displeju, kaland\u0101ru pamat\u0146u, sp\u0113\u013cu (no kartona) vai luksus iepakojuma ra\u017eo\u0161anai. V\u0101ku izgatavo\u0161anas Iek\u0101rta DA 290 Ieguvumi Apstr\u0101d\u0101 liela form\u0101ta kartonu Piln\u012bgi autom\u0101tiska ra\u017eo\u0161ana Da\u017e\u0101das produktu iesp\u0113jas: gr\u0101matu v\u0101ki, mapes, kalend\u0101ru aizmugures, sp\u0113les vai iepakojuma komponentes Iesp\u0113jas Kad ir nepiecie\u0161ams izgatavot liela form\u0101ta darbus, DA 290 ir dizain\u0113ta \u201cpriek\u0161z\u012bm\u012bgi [&hellip;]<\/p>\n","protected":false},"author":1,"featured_media":0,"parent":989,"menu_order":0,"comment_status":"closed","ping_status":"closed","template":"","meta":{"_uag_custom_page_level_css":"","ocean_post_layout":"full-width","ocean_both_sidebars_style":"","ocean_both_sidebars_content_width":0,"ocean_both_sidebars_sidebars_width":0,"ocean_sidebar":"0","ocean_second_sidebar":"0","ocean_disable_margins":"enable","ocean_add_body_class":"","ocean_shortcode_before_top_bar":"","ocean_shortcode_after_top_bar":"","ocean_shortcode_before_header":"","ocean_shortcode_after_header":"","ocean_has_shortcode":"","ocean_shortcode_after_title":"","ocean_shortcode_before_footer_widgets":"","ocean_shortcode_after_footer_widgets":"","ocean_shortcode_before_footer_bottom":"","ocean_shortcode_after_footer_bottom":"","ocean_display_top_bar":"default","ocean_display_header":"default","ocean_header_style":"","ocean_center_header_left_menu":"0","ocean_custom_header_template":"0","ocean_custom_logo":0,"ocean_custom_retina_logo":0,"ocean_custom_logo_max_width":0,"ocean_custom_logo_tablet_max_width":0,"ocean_custom_logo_mobile_max_width":0,"ocean_custom_logo_max_height":0,"ocean_custom_logo_tablet_max_height":0,"ocean_custom_logo_mobile_max_height":0,"ocean_header_custom_menu":"0","ocean_menu_typo_font_family":"0","ocean_menu_typo_font_subset":"","ocean_menu_typo_font_size":0,"ocean_menu_typo_font_size_tablet":0,"ocean_menu_typo_font_size_mobile":0,"ocean_menu_typo_font_size_unit":"px","ocean_menu_typo_font_weight":"","ocean_menu_typo_font_weight_tablet":"","ocean_menu_typo_font_weight_mobile":"","ocean_menu_typo_transform":"","ocean_menu_typo_transform_tablet":"","ocean_menu_typo_transform_mobile":"","ocean_menu_typo_line_height":0,"ocean_menu_typo_line_height_tablet":0,"ocean_menu_typo_line_height_mobile":0,"ocean_menu_typo_line_height_unit":"","ocean_menu_typo_spacing":0,"ocean_menu_typo_spacing_tablet":0,"ocean_menu_typo_spacing_mobile":0,"ocean_menu_typo_spacing_unit":"","ocean_menu_link_color":"","ocean_menu_link_color_hover":"","ocean_menu_link_color_active":"","ocean_menu_link_background":"","ocean_menu_link_hover_background":"","ocean_menu_link_active_background":"","ocean_menu_social_links_bg":"","ocean_menu_social_hover_links_bg":"","ocean_menu_social_links_color":"","ocean_menu_social_hover_links_color":"","ocean_disable_title":"default","ocean_disable_heading":"default","ocean_post_title":"","ocean_post_subheading":"","ocean_post_title_style":"background-image","ocean_post_title_background_color":"","ocean_post_title_background":704,"ocean_post_title_bg_image_position":"","ocean_post_title_bg_image_attachment":"","ocean_post_title_bg_image_repeat":"","ocean_post_title_bg_image_size":"","ocean_post_title_height":0,"ocean_post_title_bg_overlay":0.5,"ocean_post_title_bg_overlay_color":"","ocean_disable_breadcrumbs":"default","ocean_breadcrumbs_color":"","ocean_breadcrumbs_separator_color":"","ocean_breadcrumbs_links_color":"","ocean_breadcrumbs_links_hover_color":"","ocean_display_footer_widgets":"default","ocean_display_footer_bottom":"default","ocean_custom_footer_template":"0","footnotes":""},"class_list":["post-625","page","type-page","status-publish","hentry","entry"],"uagb_featured_image_src":{"full":false,"thumbnail":false,"medium":false,"medium_large":false,"large":false,"1536x1536":false,"2048x2048":false,"ocean-thumb-m":false,"ocean-thumb-ml":false,"ocean-thumb-l":false},"uagb_author_info":{"display_name":"janis.daugavins","author_link":"https:\/\/kolbus.lv\/?author=1"},"uagb_comment_info":0,"uagb_excerpt":"V\u0101ku izgatavo\u0161anas Iek\u0101rta DA 290 Piln\u012bgi autom\u0101tiskai displeju, kaland\u0101ru pamat\u0146u, sp\u0113\u013cu (no kartona) vai luksus iepakojuma ra\u017eo\u0161anai. V\u0101ku izgatavo\u0161anas Iek\u0101rta DA 290 Ieguvumi Apstr\u0101d\u0101 liela form\u0101ta kartonu Piln\u012bgi autom\u0101tiska ra\u017eo\u0161ana Da\u017e\u0101das produktu iesp\u0113jas: gr\u0101matu v\u0101ki, mapes, kalend\u0101ru aizmugures, sp\u0113les vai iepakojuma komponentes Iesp\u0113jas Kad ir nepiecie\u0161ams izgatavot liela form\u0101ta darbus, DA 290 ir dizain\u0113ta \u201cpriek\u0161z\u012bm\u012bgi&hellip;","_links":{"self":[{"href":"https:\/\/kolbus.lv\/index.php?rest_route=\/wp\/v2\/pages\/625","targetHints":{"allow":["GET"]}}],"collection":[{"href":"https:\/\/kolbus.lv\/index.php?rest_route=\/wp\/v2\/pages"}],"about":[{"href":"https:\/\/kolbus.lv\/index.php?rest_route=\/wp\/v2\/types\/page"}],"author":[{"embeddable":true,"href":"https:\/\/kolbus.lv\/index.php?rest_route=\/wp\/v2\/users\/1"}],"replies":[{"embeddable":true,"href":"https:\/\/kolbus.lv\/index.php?rest_route=%2Fwp%2Fv2%2Fcomments&post=625"}],"version-history":[{"count":34,"href":"https:\/\/kolbus.lv\/index.php?rest_route=\/wp\/v2\/pages\/625\/revisions"}],"predecessor-version":[{"id":995,"href":"https:\/\/kolbus.lv\/index.php?rest_route=\/wp\/v2\/pages\/625\/revisions\/995"}],"up":[{"embeddable":true,"href":"https:\/\/kolbus.lv\/index.php?rest_route=\/wp\/v2\/pages\/989"}],"wp:attachment":[{"href":"https:\/\/kolbus.lv\/index.php?rest_route=%2Fwp%2Fv2%2Fmedia&parent=625"}],"curies":[{"name":"wp","href":"https:\/\/api.w.org\/{rel}","templated":true}]}}